{"id":3478,"date":"2013-08-17T16:18:22","date_gmt":"2013-08-17T14:18:22","guid":{"rendered":"http:\/\/teuthorn.net\/feuilleton\/?page_id=3478"},"modified":"2013-08-17T16:18:22","modified_gmt":"2013-08-17T14:18:22","slug":"fragebogen-zum-genealogischen-nachlass","status":"publish","type":"page","link":"https:\/\/teuthorn.net\/feuilleton\/?page_id=3478","title":{"rendered":"Fragebogen zum Genealogischen Nachlass"},"content":{"rendered":"<p>Stand Sept. 2013<br \/>\n<span style=\"color: #993300;\">Dieser Fragebogen war zur Vorbereitung auf die Strategietagung in Brandis formuliert worden. Er ist insofern Geschichte. Allerdings eignen sich die Fragen wohl weiterhin dazu, sich selbst zu diesen Fragen Rechenschaft abzulegen.<\/span><br \/>\nMit den folgenden Fragen versuche ich, mich dem Thema des Genealogischen Nachlasses anzun\u00e4hern. Die Fragen wollen ergr\u00fcnden, ob sich das Vereinsmitglied dazu Gedanken macht und welche pers\u00f6nlichen Vorstellungen bestehen. Die Antworten k\u00f6nnten die Basis daf\u00fcr sein, zu erarbeiten, ob und unter welchen Voraussetzungen\u00a0 der Verein solche Vorstellungen umsetzen kann. Antworten per eMail an p@teu-net.de k\u00f6nnten hilfreich sein und anl\u00e4sslich der Strategietagung im Oktober diskutiert werden.<\/p>\n<ol>\n<li>Besteht die Aussicht, dass Ihre Familienforschung nach Ihrem Tode von Familienangeh\u00f6rigen fortgesetzt wird?<\/li>\n<li>Denken Sie daran, Ihren Genealogischen Nachlass einem Archiv zur Verf\u00fcgung zu stellen? Wenn ja, wird dies das Archiv der AMF sein? Wenn nein, warum nicht.<\/li>\n<li>Glauben Sie, dass das Archiv volumensm\u00e4\u00dfig und archivtechnisch in der Lage ist, Ihren Nachlass aufzunehmen?<\/li>\n<li>Haben Sie das AMF-Archiv bereits f\u00fcr Ihre Nachforschungen genutzt?<\/li>\n<li>Kennen Sie Einlieferungskriterien der AMF f\u00fcr Genealogischen Nachlass? oder vermissen Sie entsprechende Hinweise hierzu?<\/li>\n<li>Werden Sie Ihren Genealogischen Nachlass dem Archiv als Ganzes verf\u00fcgen oder wollen Sie Teile davon ausnehmen?<\/li>\n<li>Haben Sie im Sinne des Vorstehenden bereits verf\u00fcgt?<\/li>\n<li>Wie haben Sie Vorsorge getroffen?<\/li>\n<li>Unterscheiden Sie zwischen Materiellem und Digitalem Nachlass?<\/li>\n<li>Was verstehen Sie pers\u00f6nlich unter Digitalem Nachlass? Bzw. worin besteht dieser bei Ihnen?<\/li>\n<li>K\u00f6nnen Sie das Volumen Ihres Genealogischen Nachlasses absch\u00e4tzen? (Regalmeter, Datei-Ordner)<\/li>\n<li>Arbeiten Sie mit einem Genealogieprogramm?<\/li>\n<li>Haben Sie Daten in das Internet gestellt? Wenn ja, wie und wo? (z.B. als GEDCOM-Dateien bei GedBas, GeneaNet, Myheritage, Ancestry.com, Rootsweb, FamilySearch oder anderswo)<\/li>\n<li>Betreiben Sie eine eigene Homepage oder einen Genealogischen Blog\/Netztagebuch?<\/li>\n<li>Vermissen Sie Fragen, die Ihre besondere Situation und Ihr Anliegen betreffen? Welche sind dies?<\/li>\n<\/ol>\n<p>Es ist wohl am einfachsten, die obigen Punkte in eine eMail zu kopieren und Antworten jeweils Punkt f\u00fcr Punkt einzuf\u00fcgen. \u00dcber Ihr\/Euer Mitmachen w\u00fcrde ich mich freuen. Eine Auswertung und Kommentierung wird (wegen Reisen) jedoch fr\u00fchestens in der ersten Oktoberh\u00e4lfte m\u00f6glich sein.<\/p>\n","protected":false},"excerpt":{"rendered":"<p>Stand Sept. 2013 Dieser Fragebogen war zur Vorbereitung auf die Strategietagung in Brandis formuliert worden. Er ist insofern Geschichte. Allerdings eignen sich die Fragen wohl weiterhin dazu, sich selbst zu <a class=\"more-link\" href=\"https:\/\/teuthorn.net\/feuilleton\/?page_id=3478\">Lesen Sie weiter &#8230;<\/a><\/p>\n","protected":false},"author":1,"featured_media":0,"parent":3637,"menu_order":1,"comment_status":"closed","ping_status":"closed","template":"onecolumn-page.php","meta":{"_crdt_document":"","footnotes":""},"class_list":["post-3478","page","type-page","status-publish","hentry"],"_links":{"self":[{"href":"https:\/\/teuthorn.net\/feuilleton\/index.php?rest_route=\/wp\/v2\/pages\/3478","targetHints":{"allow":["GET"]}}],"collection":[{"href":"https:\/\/teuthorn.net\/feuilleton\/index.php?rest_route=\/wp\/v2\/pages"}],"about":[{"href":"https:\/\/teuthorn.net\/feuilleton\/index.php?rest_route=\/wp\/v2\/types\/page"}],"author":[{"embeddable":true,"href":"https:\/\/teuthorn.net\/feuilleton\/index.php?rest_route=\/wp\/v2\/users\/1"}],"replies":[{"embeddable":true,"href":"https:\/\/teuthorn.net\/feuilleton\/index.php?rest_route=%2Fwp%2Fv2%2Fcomments&post=3478"}],"version-history":[{"count":0,"href":"https:\/\/teuthorn.net\/feuilleton\/index.php?rest_route=\/wp\/v2\/pages\/3478\/revisions"}],"up":[{"embeddable":true,"href":"https:\/\/teuthorn.net\/feuilleton\/index.php?rest_route=\/wp\/v2\/pages\/3637"}],"wp:attachment":[{"href":"https:\/\/teuthorn.net\/feuilleton\/index.php?rest_route=%2Fwp%2Fv2%2Fmedia&parent=3478"}],"curies":[{"name":"wp","href":"https:\/\/api.w.org\/{rel}","templated":true}]}}

<p>Stand Sept. 2013<br />
<span style="color: #993300;">Dieser Fragebogen war zur Vorbereitung auf die Strategietagung in Brandis formuliert worden. Er ist insofern Geschichte. Allerdings eignen sich die Fragen wohl weiterhin dazu, sich selbst zu diesen Fragen Rechenschaft abzulegen.</span><br />
Mit den folgenden Fragen versuche ich, mich dem Thema des Genealogischen Nachlasses anzunähern. Die Fragen wollen ergründen, ob sich das Vereinsmitglied dazu Gedanken macht und welche persönlichen Vorstellungen bestehen. Die Antworten könnten die Basis dafür sein, zu erarbeiten, ob und unter welchen Voraussetzungen  der Verein solche Vorstellungen umsetzen kann. Antworten per eMail an p@teu-net.de könnten hilfreich sein und anlässlich der Strategietagung im Oktober diskutiert werden.</p>
<ol>
<li>Besteht die Aussicht, dass Ihre Familienforschung nach Ihrem Tode von Familienangehörigen fortgesetzt wird?</li>
<li>Denken Sie daran, Ihren Genealogischen Nachlass einem Archiv zur Verfügung zu stellen? Wenn ja, wird dies das Archiv der AMF sein? Wenn nein, warum nicht.</li>
<li>Glauben Sie, dass das Archiv volumensmäßig und archivtechnisch in der Lage ist, Ihren Nachlass aufzunehmen?</li>
<li>Haben Sie das AMF-Archiv bereits für Ihre Nachforschungen genutzt?</li>
<li>Kennen Sie Einlieferungskriterien der AMF für Genealogischen Nachlass? oder vermissen Sie entsprechende Hinweise hierzu?</li>
<li>Werden Sie Ihren Genealogischen Nachlass dem Archiv als Ganzes verfügen oder wollen Sie Teile davon ausnehmen?</li>
<li>Haben Sie im Sinne des Vorstehenden bereits verfügt?</li>
<li>Wie haben Sie Vorsorge getroffen?</li>
<li>Unterscheiden Sie zwischen Materiellem und Digitalem Nachlass?</li>
<li>Was verstehen Sie persönlich unter Digitalem Nachlass? Bzw. worin besteht dieser bei Ihnen?</li>
<li>Können Sie das Volumen Ihres Genealogischen Nachlasses abschätzen? (Regalmeter, Datei-Ordner)</li>
<li>Arbeiten Sie mit einem Genealogieprogramm?</li>
<li>Haben Sie Daten in das Internet gestellt? Wenn ja, wie und wo? (z.B. als GEDCOM-Dateien bei GedBas, GeneaNet, Myheritage, Ancestry.com, Rootsweb, FamilySearch oder anderswo)</li>
<li>Betreiben Sie eine eigene Homepage oder einen Genealogischen Blog/Netztagebuch?</li>
<li>Vermissen Sie Fragen, die Ihre besondere Situation und Ihr Anliegen betreffen? Welche sind dies?</li>
</ol>
<p>Es ist wohl am einfachsten, die obigen Punkte in eine eMail zu kopieren und Antworten jeweils Punkt für Punkt einzufügen. Über Ihr/Euer Mitmachen würde ich mich freuen. Eine Auswertung und Kommentierung wird (wegen Reisen) jedoch frühestens in der ersten Oktoberhälfte möglich sein.</p>
