{"id":5173,"date":"2016-04-27T22:51:18","date_gmt":"2016-04-27T20:51:18","guid":{"rendered":"http:\/\/teuthorn.net\/feuilleton\/?page_id=5173"},"modified":"2018-06-05T21:03:58","modified_gmt":"2018-06-05T21:03:58","slug":"messenthin-christian-bachmann","status":"publish","type":"page","link":"https:\/\/teuthorn.net\/feuilleton\/?page_id=5173","title":{"rendered":"Messenthin &amp; Christian Bachmann"},"content":{"rendered":"<p><a href=\"http:\/\/teuthorn.net\/feuilleton\/wp-content\/uploads\/2016\/04\/grosselternbachm32ausschnitt.jpg\"><img decoding=\"async\" class=\"alignright size-thumbnail wp-image-5241\" title=\"grosselternbachm32ausschnitt\" src=\"http:\/\/teuthorn.net\/feuilleton\/wp-content\/uploads\/2016\/04\/grosselternbachm32ausschnitt-130x200.jpg\" alt=\"1932\" width=\"130\" height=\"200\" \/><\/a>In seinem Fotoatelier in Stettin portr\u00e4tierte Christian Bachmann Menschen. In Messenthin waren der Ort selbst, die Gemeinde P\u00f6litz, die Landschaft und die Natur seine Motive. Hundert Jahre nach seiner Zeit erfahren die heutigen Einwohner Messenthins durch seine Orts- und Landschaftsfotos, wie ihre Gemeinde Anfang des 20. Jahrhunderts vor den Kriegszerst\u00f6rungen des Zweiten Weltkrieges aussah. Die so \u00fcberlieferten Ansichten sind f\u00fcr sie so wertvoll und wichtig, dass sie sich entschlossen, ihm zu Ehren und Andenken dem Platz beim alten Friedhof des Ortes seinen Namen zu geben.<\/p>\n<p><img decoding=\"async\" class=\"aligncenter size-large wp-image-5167\" title=\"Platz-Christian-Bachmann_2531\" src=\"http:\/\/teuthorn.net\/feuilleton\/wp-content\/uploads\/2016\/04\/Platz-Christian-Bachmann_2531-1024x985.jpg\" alt=\"\" width=\"640\" height=\"615\" \/><br \/>\nAm 22. April 2016 wurde dieses Schild gemeinsam durch den B\u00fcrgermeister von Police und Bachmanns Urenkel Peter Teuthorn im Rahmen einer w\u00fcrdigen Feier enth\u00fcllt. Gleichzeitig wurde auf dem Gel\u00e4nde des alten Messenthiner Friedhofes, der sich hier befand, ein eindruckvolles Steindenkmal zur Erinnerung an die hier bestatteten Einwohner eingeweiht. W\u00e4hrend die Gebeine weiterhin unter dem kleinen W\u00e4ldchen in der Erde ruhen, sind die historischen Grabsteine in einem sch\u00f6nen Lapidarium im P\u00f6litzer Park versammelt. Der Feier wohnten Priester beider christlichen Religionen, Stadtverantwortliche, B\u00fcrgermeister, Einwohner und Freunde von Messenthin und P\u00f6litz bei. Sie gedachten in Ansprache und Gebet der fr\u00fcheren deutschen Einwohner.<\/p>\n<ul>\n<li>Bildeindr\u00fccke von der Feier sind in einer knappen <a href=\"http:\/\/teuthorn.net\/feuilleton\/?page_id=5182\">Fotostrecke <\/a>zusammengestellt.<\/li>\n<li><a href=\"http:\/\/teuthorn.net\/feuilleton\/?page_id=5253\" target=\"_blank\" rel=\"noopener\">Minimales<\/a> am 22.4.2016<\/li>\n<li>Auf der\u00a0 Website Police24.pl gibt Andrzej Kowalik einen sch\u00f6nen <a href=\"http:\/\/forum.police.info.pl\/index.php?PHPSESSID=4dc4987e5bd198dfad0d5bcda3ab82e8&amp;topic=9040.msg183599#msg183599\" target=\"_blank\" rel=\"noopener\">Fotobericht<\/a> \u00fcber das Ereignis: Enth\u00fcllung des Stra\u00dfenschildes durch B\u00fcrgermeister Wladyslaw Diakun und Bachmanns Urenkel Peter Teuthorn in Anwesenheit von Frau Eva Berecka, Bachmann-Gedenktafel, P. Teuthorn h\u00e4lt kurze Rede vor Gedenkstein f\u00fcr die hier bis 1945 beerdigten Einwwohner, die geb\u00fcrtige Messenthinerin Kristin Maronn mit einem Portr\u00e4t (Kristin auf dem Scho\u00df ihrer Mutter) aus dem Atelier Moellendorf\/Bachmann.<\/li>\n<li><a href=\"http:\/\/teuthorn.net\/feuilleton\/?page_id=5119\">Einladung der Gemeinde<\/a> Police\/Messenthin zur Einweihungsfeier.<\/li>\n<\/ul>\n","protected":false},"excerpt":{"rendered":"<p>In seinem Fotoatelier in Stettin portr\u00e4tierte Christian Bachmann Menschen. In Messenthin waren der Ort selbst, die Gemeinde P\u00f6litz, die Landschaft und die Natur seine Motive. Hundert Jahre nach seiner Zeit <a class=\"more-link\" href=\"https:\/\/teuthorn.net\/feuilleton\/?page_id=5173\">Lesen Sie weiter &#8230;<\/a><\/p>\n","protected":false},"author":1,"featured_media":0,"parent":3286,"menu_order":1,"comment_status":"closed","ping_status":"closed","template":"","meta":{"_crdt_document":"","footnotes":""},"class_list":["post-5173","page","type-page","status-publish","hentry"],"_links":{"self":[{"href":"https:\/\/teuthorn.net\/feuilleton\/index.php?rest_route=\/wp\/v2\/pages\/5173","targetHints":{"allow":["GET"]}}],"collection":[{"href":"https:\/\/teuthorn.net\/feuilleton\/index.php?rest_route=\/wp\/v2\/pages"}],"about":[{"href":"https:\/\/teuthorn.net\/feuilleton\/index.php?rest_route=\/wp\/v2\/types\/page"}],"author":[{"embeddable":true,"href":"https:\/\/teuthorn.net\/feuilleton\/index.php?rest_route=\/wp\/v2\/users\/1"}],"replies":[{"embeddable":true,"href":"https:\/\/teuthorn.net\/feuilleton\/index.php?rest_route=%2Fwp%2Fv2%2Fcomments&post=5173"}],"version-history":[{"count":2,"href":"https:\/\/teuthorn.net\/feuilleton\/index.php?rest_route=\/wp\/v2\/pages\/5173\/revisions"}],"predecessor-version":[{"id":7487,"href":"https:\/\/teuthorn.net\/feuilleton\/index.php?rest_route=\/wp\/v2\/pages\/5173\/revisions\/7487"}],"up":[{"embeddable":true,"href":"https:\/\/teuthorn.net\/feuilleton\/index.php?rest_route=\/wp\/v2\/pages\/3286"}],"wp:attachment":[{"href":"https:\/\/teuthorn.net\/feuilleton\/index.php?rest_route=%2Fwp%2Fv2%2Fmedia&parent=5173"}],"curies":[{"name":"wp","href":"https:\/\/api.w.org\/{rel}","templated":true}]}}

<p><a href="http://teuthorn.net/feuilleton/wp-content/uploads/2016/04/grosselternbachm32ausschnitt.jpg"><img decoding="async" class="alignright size-thumbnail wp-image-5241" title="grosselternbachm32ausschnitt" src="http://teuthorn.net/feuilleton/wp-content/uploads/2016/04/grosselternbachm32ausschnitt-130x200.jpg" alt="1932" width="130" height="200" /></a>In seinem Fotoatelier in Stettin porträtierte Christian Bachmann Menschen. In Messenthin waren der Ort selbst, die Gemeinde Pölitz, die Landschaft und die Natur seine Motive. Hundert Jahre nach seiner Zeit erfahren die heutigen Einwohner Messenthins durch seine Orts- und Landschaftsfotos, wie ihre Gemeinde Anfang des 20. Jahrhunderts vor den Kriegszerstörungen des Zweiten Weltkrieges aussah. Die so überlieferten Ansichten sind für sie so wertvoll und wichtig, dass sie sich entschlossen, ihm zu Ehren und Andenken dem Platz beim alten Friedhof des Ortes seinen Namen zu geben.</p>
<p><img decoding="async" class="aligncenter size-large wp-image-5167" title="Platz-Christian-Bachmann_2531" src="http://teuthorn.net/feuilleton/wp-content/uploads/2016/04/Platz-Christian-Bachmann_2531-1024x985.jpg" alt="" width="640" height="615" /><br />
Am 22. April 2016 wurde dieses Schild gemeinsam durch den Bürgermeister von Police und Bachmanns Urenkel Peter Teuthorn im Rahmen einer würdigen Feier enthüllt. Gleichzeitig wurde auf dem Gelände des alten Messenthiner Friedhofes, der sich hier befand, ein eindruckvolles Steindenkmal zur Erinnerung an die hier bestatteten Einwohner eingeweiht. Während die Gebeine weiterhin unter dem kleinen Wäldchen in der Erde ruhen, sind die historischen Grabsteine in einem schönen Lapidarium im Pölitzer Park versammelt. Der Feier wohnten Priester beider christlichen Religionen, Stadtverantwortliche, Bürgermeister, Einwohner und Freunde von Messenthin und Pölitz bei. Sie gedachten in Ansprache und Gebet der früheren deutschen Einwohner.</p>
<ul>
<li>Bildeindrücke von der Feier sind in einer knappen <a href="http://teuthorn.net/feuilleton/?page_id=5182">Fotostrecke </a>zusammengestellt.</li>
<li><a href="http://teuthorn.net/feuilleton/?page_id=5253" target="_blank" rel="noopener">Minimales</a> am 22.4.2016</li>
<li>Auf der  Website Police24.pl gibt Andrzej Kowalik einen schönen <a href="http://forum.police.info.pl/index.php?PHPSESSID=4dc4987e5bd198dfad0d5bcda3ab82e8&amp;topic=9040.msg183599#msg183599" target="_blank" rel="noopener">Fotobericht</a> über das Ereignis: Enthüllung des Straßenschildes durch Bürgermeister Wladyslaw Diakun und Bachmanns Urenkel Peter Teuthorn in Anwesenheit von Frau Eva Berecka, Bachmann-Gedenktafel, P. Teuthorn hält kurze Rede vor Gedenkstein für die hier bis 1945 beerdigten Einwwohner, die gebürtige Messenthinerin Kristin Maronn mit einem Porträt (Kristin auf dem Schoß ihrer Mutter) aus dem Atelier Moellendorf/Bachmann.</li>
<li><a href="http://teuthorn.net/feuilleton/?page_id=5119">Einladung der Gemeinde</a> Police/Messenthin zur Einweihungsfeier.</li>
</ul>

<p>In seinem Fotoatelier in Stettin porträtierte Christian Bachmann Menschen. In Messenthin waren der Ort selbst, die Gemeinde Pölitz, die Landschaft und die Natur seine Motive. Hundert Jahre nach seiner Zeit <a class="more-link" href="https://teuthorn.net/feuilleton/?page_id=5173">Lesen Sie weiter &#8230;</a></p>
