{"id":5918,"date":"2016-10-31T23:33:15","date_gmt":"2016-10-31T22:33:15","guid":{"rendered":"http:\/\/teuthorn.net\/feuilleton\/?page_id=5918"},"modified":"2023-06-26T23:09:25","modified_gmt":"2023-06-26T21:09:25","slug":"die-familie-teuthorn-nagel","status":"publish","type":"page","link":"https:\/\/teuthorn.net\/feuilleton\/?page_id=5918","title":{"rendered":"Die Familie Teuthorn-Nagel"},"content":{"rendered":"\n<p class=\"wp-block-paragraph\">ISBN 978-3-7412-7380-3 <span><a href=\"javascript:\"><img decoding=\"async\" identifier=\"978-3-7412-7380-3\" identifiertype=\"2\" title=\"Titel anhand dieser ISBN in Citavi-Projekt \u00fcbernehmen\" class=\"citavipicker\" style=\"border: 0px none!important;width: 16px!important;height: 16px!important;margin-left:1px !important;margin-right:1px !important;\" src=\"data:image\/png;base64,iVBORw0KGgoAAAANSUhEUgAAABAAAAAQCAYAAAAf8\/9hAAAAGXRFWHRTb2Z0d2FyZQBBZG9iZSBJbWFnZVJlYWR5ccllPAAAARpJREFUeNpiZEAD1zX4E4BUPBA7oEkdAOKFmjc+LkAWZETSqACk1gOxAb\/lLwZegz8MTJz\/wXL\/vjMyfL7AwvDxOBuIewGIA4EGPYAbANV8nkP2r4Bk\/HcGdpm\/DNjAzyfMDM8XcjL8eMz8Acg1BBnCBJVbD9IsV\/QVp2YQAMmB1IDUQl3LwAT1swHIZpiT8QGQGpBakB6QXpAL4kF+xmczNpeA9ID0ggxwAAUYqQCqx4EJ5ixSAUwP2ABmLtINgBsEIn6\/ZSJZIyhtwAw4AEokpAKongMgAxaCUhgokRALQGqhqXIhEzRtXwClMJizCDkdpBakB6QX5vlAUPJ81MeN1yUgOZAaaFIOJCozgWIIFMh4MxMl2RkgwACxPIMc1tjE2wAAAABJRU5ErkJggg==\"\/><\/a><\/span> <a><img decoding=\"async\" title=\"Titel anhand dieser ISBN in Citavi-Projekt \u00fcbernehmen\" class=\"citavipicker\" style=\"border: 0px none!important; width: 16px!important; height: 16px!important; margin-left: 1px !important; margin-right: 1px !important;\" src=\"data:image\/svg+xml;base64,PD94bWwgdmVyc2lvbj0iMS4wIiBlbmNvZGluZz0idXRmLTgiPz48IURPQ1RZUEUgc3ZnIFBVQkxJQyAiLS8vVzNDLy9EVEQgU1ZHIDEuMS8vRU4iICJodHRwOi8vd3d3LnczLm9yZy9HcmFwaGljcy9TVkcvMS4xL0RURC9zdmcxMS5kdGQiPjxzdmcgdmVyc2lvbj0iMS4xIiBpZD0iRWJlbmVfMSIgeG1sbnM9Imh0dHA6Ly93d3cudzMub3JnLzIwMDAvc3ZnIiB4bWxuczp4bGluaz0iaHR0cDovL3d3dy53My5vcmcvMTk5OS94bGluayIgeD0iMHB4IiB5PSIwcHgiIHdpZHRoPSIxNnB4IiBoZWlnaHQ9IjE2cHgiIHZpZXdCb3g9IjAgMCAxNiAxNiIgZW5hYmxlLWJhY2tncm91bmQ9Im5ldyAwIDAgMTYgMTYiIHhtbDpzcGFjZT0icHJlc2VydmUiPjxnPjxnPjxwYXRoIGZpbGw9IiNGRkZGRkYiIGQ9Ik04LjAwMSwxNS41QzMuODY0LDE1LjUsMC41LDEyLjEzNiwwLjUsOGMwLTQuMTM1LDMuMzY1LTcuNSw3LjUwMS03LjVTMTUuNSwzLjg2NCwxNS41LDhTMTIuMTM3LDE1LjUsOC4wMDEsMTUuNXoiLz48cGF0aCBmaWxsPSIjRDUyQjFFIiBkPSJNOC4wMDEsMUMxMS44NiwxLDE1LDQuMTQxLDE1LDhzLTMuMTM5LDctNi45OTksN0M0LjE0LDE1LDEsMTEuODU5LDEsOFM0LjE0LDEsOC4wMDEsMSBNOC4wMDEsMEMzLjU4MiwwLDAsMy41ODIsMCw4czMuNTgyLDgsOC4wMDEsOEMxMi40MTgsMTYsMTYsMTIuNDE4LDE2LDhTMTIuNDE4LDAsOC4wMDEsMEw4LjAwMSwweiIvPjwvZz48cGF0aCBmaWxsPSIjRDUyQjFFIiBkPSJNNi43NDUsMTIuNTg5Yy0wLjIyNywwLjEyMi0wLjQ5NywwLjI0Ny0wLjY4NCwwLjI0N2MtMC4zMTgsMC0wLjUwMS0wLjE2NC0wLjUwMS0wLjQ1MmMwLTAuMjA3LDAuMTQtMC4zNzUsMC41OTUtMC42MjJjMS41NDktMC45MDQsMi41OTQtMi4yNzIsMi41OTQtMy43MjFjMC0wLjgyNS0wLjIyNy0xLjExOS0wLjY4MS0xLjExOWMtMC4xMzUsMC0wLjMyLDAuMjE5LTAuNjM2LDAuMjE5SDcuMTU3QzYuMTAyLDcuMTQzLDUuMzMzLDYuMjY0LDUuMzMzLDUuMjNjMC0xLjE1MiwwLjk1OC0yLjAwNiwyLjI4LTIuMDA2YzEuNzc3LDAsMy4wNTMsMS4zNzMsMy4wNTMsMy40M0MxMC42NjYsOS4yMTUsOS4yMDMsMTEuMjcsNi43NDUsMTIuNTg5Ii8+PC9nPjwvc3ZnPg\"\/><\/a>,&nbsp; BoD Norderstedt, September 2016<\/p>\n\n\n\n<h2 class=\"wp-block-heading has-text-color\" style=\"color:#ab5213f2\"><span style=\"color: #888888;\"><em><strong>analog &amp; digital<\/strong><\/em><\/span><\/h2>\n\n\n\n<p class=\"wp-block-paragraph\">Das Buch wurde im Paket&nbsp; mit dem dazugeh\u00f6rigen genealogischen Datenmaterial ver\u00f6ffentlicht. Buchbezug \u00fcber den deutschen <a rel=\"noopener\" href=\"http:\/\/www.buecher.de\/shop\/buecher\/die-familie-teuthorn-nagel\/teuthorn-peter\/products_products\/detail\/prod_id\/46311471\/\" target=\"_blank\">Online-Buchhandel<\/a> und Amazon. Datenpublikation bei <a rel=\"noopener\" href=\"http:\/\/gw.geneanet.org\/frankenhusanus_w\" target=\"_blank\">Geneanet<\/a>.<\/p>\n\n\n\n<hr class=\"wp-block-separator has-alpha-channel-opacity\"\/>\n\n\n\n<p class=\"wp-block-paragraph\">This is a genealogical book on a German family immigrating in the U.S. at the end of 19th century. &#8211; I regret that most text is German. <strong>But some chapters were written in English.<\/strong> Missing an English-speaking lector and due to my ambition to avoid further delay, a certain number of mistakes and incorrect grammar may be found. I apologize for those deficits. They will be revised in a second edition.<\/p>\n\n\n\n<p class=\"wp-block-paragraph\">My U.S. Family descends from four kids who left Kiel\/Holstein at the end of 19th century heading for the U.S. They were Wilhelm\/William, Otto, Louise\/Louisa and Petra. The girls stayed at Hoboken, NJ, the boys went to Chicago, Illinois. Only the branches of Otto and Louisa continued up to our time. The history of late uncles &amp; aunts may be interesting nevertheless for today\u2019s youth. &#8211; The stories presented, must not mean a final version. Hopefully one or the other one may remember facts and anecdotes unknown to me. I\u2019m longing for hints.<\/p>\n\n\n\n<hr class=\"wp-block-separator has-alpha-channel-opacity\"\/>\n\n\n\n<figure class=\"wp-block-image\"><img decoding=\"async\" width=\"366\" height=\"475\" src=\"http:\/\/teuthorn.net\/feuilleton\/wp-content\/uploads\/2018\/04\/TN_cover.jpg\" alt=\"\" class=\"wp-image-6975\" srcset=\"https:\/\/teuthorn.net\/feuilleton\/wp-content\/uploads\/2018\/04\/TN_cover.jpg 366w, https:\/\/teuthorn.net\/feuilleton\/wp-content\/uploads\/2018\/04\/TN_cover-231x300.jpg 231w, https:\/\/teuthorn.net\/feuilleton\/wp-content\/uploads\/2018\/04\/TN_cover-116x150.jpg 116w\" sizes=\"(max-width: 366px) 100vw, 366px\" \/><\/figure>\n\n\n\n<hr class=\"wp-block-separator has-alpha-channel-opacity\"\/>\n\n\n\n<h2 class=\"wp-block-heading\"><strong><em><span style=\"color: #993300;\">Korrekturen &amp; weiterf\u00fchrende Hinweise<\/span><\/em><\/strong><\/h2>\n\n\n\n<p class=\"wp-block-paragraph\">Seite 79: falsches Bild. Der Scan <em>&#8218;Eintrag in das Poesiealbum der Fanny Nagel<\/em>&#8218; muss gegen das unten stehende ausgetauscht werden (und kann als hochaufl\u00f6sende Graphik heruntergeladen werden.)<\/p>\n\n\n\n<figure class=\"wp-block-image alignnone\"><a href=\"http:\/\/teuthorn.net\/feuilleton\/wp-content\/uploads\/2016\/10\/NAGEL_Jens.jpg\"><img decoding=\"async\" src=\"http:\/\/teuthorn.net\/feuilleton\/wp-content\/uploads\/2016\/10\/NAGEL_Jens-1024x816.jpg\" alt=\"\" class=\"wp-image-5919\"\/><\/a><figcaption class=\"wp-element-caption\">Bild 25 \/ Eintrag des Vaters Jens Otto Nagel in das Poesiealbum seiner Tochter Fanny<\/figcaption><\/figure>\n\n\n\n<p class=\"wp-block-paragraph\"><strong>Seite 99<\/strong>: Der dritte Absatz beginnt so <em>&#8222;Eine spannende Geschichte, die noch nicht geschrieben wurde, ist die Auswanderung einer Frau nach Kalifornien.&#8220;<\/em>&#8211; Einige Jahre sp\u00e4ter wurde sie nun doch geschrieben, und zwar in Form eines umfangreichen digitalen Aufsatzes mit dem Titel &#8222;<em><a rel=\"noreferrer noopener\" href=\"http:\/\/teuthorn.net\/feuilleton\/?p=10365\" target=\"_blank\">Pauline und der kalifornische Goldrausch \u2013 Von Frankenhausen nach Shasta CA&#8220;<\/a><\/em><\/p>\n\n\n\n<p class=\"wp-block-paragraph\">Der folgende 4. Absatz auf Seite 99 beginnt: <em>&#8222;Im Jahre 1872 tauchte in der chilenischen Hafenstadt Concepci\u00f3n ein Otto Teuthorn auf. Seine NachfahrEn leben noch heute in Chile.&#8220;<\/em> Siehe hierzu <em><a rel=\"noreferrer noopener\" href=\"http:\/\/teuthorn.net\/feuilleton\/?p=6396\" target=\"_blank\">&#8222;Die chilenische Familie Teuthorn im \u00dcberblick (CL 1)&#8220;<\/a><\/em>. <\/p>\n\n\n\n<p class=\"wp-block-paragraph\">Seite 146: Das Foto der Hessel-Geschwister stammt aus 1971 (nicht 1871).<br \/>Seite 186: in der vierten Zeile von unten muss es hei\u00dfen: 20. Jahrhundert.<br \/>Seite 276: Der Verweis auf den Eintrag in das Poesiealbum f\u00fchrt nicht wie angegeben zur Seite 64, sondern zur Seite 78.<\/p>\n\n\n\n<h2 class=\"wp-block-heading\"><strong><em><span style=\"color: #993300;\">Erg\u00e4nzungen<\/span><\/em><\/strong><\/h2>\n\n\n\n<p class=\"wp-block-paragraph\"><span style=\"color: #888888;\"><strong><em><a rel=\"noopener\" href=\"http:\/\/www.teu-net.de\/geschichte\/texte\/chirurgen\/chirurgen&amp;barbiere.pdf\" target=\"_blank\">Chirurgen und Barbiere<\/a> &#8211; eine Darstellung am Beispiel der St\u00e4dte Frankenhausen, Kiel und Segeberg zwischen 1750 und 1900 und der Familien Sibbern, Nagel und Teuthorn.<\/em><\/strong><\/span><\/p>\n\n\n\n<h2 class=\"wp-block-heading has-text-color\" style=\"color:#9e6405\"><strong><em>Add-on<\/em><\/strong><\/h2>\n\n\n\n<p class=\"wp-block-paragraph\"><span style=\"color: #888888;\"><strong><em><span style=\"color: #993300;\"><a href=\"http:\/\/teuthorn.net\/feuilleton\/wp-content\/uploads\/2016\/10\/album_FannyNagel.pdf\">Das Poesiealbum der Fanny Nagel<\/a><\/span><\/em><\/strong><\/span><br \/><em><strong><span style=\"color: #888888;\"><a href=\"http:\/\/teuthorn.net\/feuilleton\/wp-content\/uploads\/2016\/10\/Stammbuch.pdf\">Stammbuch Jens Otto Nagel<br \/><\/a><\/span>Achtung, gro\u00dfe PDF-Dateien!<\/strong><\/em><\/p>\n\n\n\n<h2 class=\"wp-block-heading\"><em><strong><span style=\"color: #993300;\">Fotos zu Teil Zwei<\/span><\/strong><\/em><\/h2>\n\n\n\n<figure class=\"wp-block-gallery has-nested-images columns-3 is-cropped wp-block-gallery-1 is-layout-flex wp-block-gallery-is-layout-flex\">\n<figure class=\"wp-block-image size-large\"><a href=\"http:\/\/teuthorn.net\/feuilleton\/wp-content\/uploads\/2018\/06\/Emil_Schutztruppe1915_aus.jpg\"><img decoding=\"async\" width=\"224\" height=\"344\" data-id=\"7616\" src=\"http:\/\/teuthorn.net\/feuilleton\/wp-content\/uploads\/2018\/06\/Emil_Schutztruppe1915_aus.jpg\" alt=\"\" class=\"wp-image-7616\" srcset=\"https:\/\/teuthorn.net\/feuilleton\/wp-content\/uploads\/2018\/06\/Emil_Schutztruppe1915_aus.jpg 224w, https:\/\/teuthorn.net\/feuilleton\/wp-content\/uploads\/2018\/06\/Emil_Schutztruppe1915_aus-195x300.jpg 195w, https:\/\/teuthorn.net\/feuilleton\/wp-content\/uploads\/2018\/06\/Emil_Schutztruppe1915_aus-98x150.jpg 98w\" sizes=\"(max-width: 224px) 100vw, 224px\" \/><\/a><figcaption class=\"wp-element-caption\">Emil 1915 in Schutztruppenuniform<\/figcaption><\/figure>\n\n\n\n<figure class=\"wp-block-image size-large\"><a href=\"http:\/\/teuthorn.net\/feuilleton\/wp-content\/uploads\/2018\/06\/TEUTHORN-Emil-221x350.jpg\"><img decoding=\"async\" width=\"221\" height=\"350\" data-id=\"7615\" src=\"http:\/\/teuthorn.net\/feuilleton\/wp-content\/uploads\/2018\/06\/TEUTHORN-Emil-221x350.jpg\" alt=\"\" class=\"wp-image-7615\" srcset=\"https:\/\/teuthorn.net\/feuilleton\/wp-content\/uploads\/2018\/06\/TEUTHORN-Emil-221x350.jpg 221w, https:\/\/teuthorn.net\/feuilleton\/wp-content\/uploads\/2018\/06\/TEUTHORN-Emil-221x350-189x300.jpg 189w, https:\/\/teuthorn.net\/feuilleton\/wp-content\/uploads\/2018\/06\/TEUTHORN-Emil-221x350-95x150.jpg 95w\" sizes=\"(max-width: 221px) 100vw, 221px\" \/><\/a><figcaption class=\"wp-element-caption\">Emil etwa 1920<\/figcaption><\/figure>\n\n\n\n<figure class=\"wp-block-image size-large\"><a href=\"http:\/\/teuthorn.net\/feuilleton\/wp-content\/uploads\/2018\/06\/Emil52-223x350.gif\"><img decoding=\"async\" width=\"223\" height=\"350\" data-id=\"7614\" src=\"http:\/\/teuthorn.net\/feuilleton\/wp-content\/uploads\/2018\/06\/Emil52-223x350.gif\" alt=\"\" class=\"wp-image-7614\"\/><\/a><figcaption class=\"wp-element-caption\">Emil Teuthorn 1952<\/figcaption><\/figure>\n<\/figure>\n","protected":false},"excerpt":{"rendered":"<p>ISBN 978-3-7412-7380-3 ,&nbsp; BoD Norderstedt, September 2016 analog &amp; digital Das Buch wurde im Paket&nbsp; mit dem dazugeh\u00f6rigen genealogischen Datenmaterial ver\u00f6ffentlicht. Buchbezug \u00fcber den deutschen Online-Buchhandel und Amazon. Datenpublikation bei <a class=\"more-link\" href=\"https:\/\/teuthorn.net\/feuilleton\/?page_id=5918\">Lesen Sie weiter &#8230;<\/a><\/p>\n","protected":false},"author":1,"featured_media":0,"parent":4790,"menu_order":3,"comment_status":"closed","ping_status":"closed","template":"","meta":{"_crdt_document":"","footnotes":""},"class_list":["post-5918","page","type-page","status-publish","hentry"],"_links":{"self":[{"href":"https:\/\/teuthorn.net\/feuilleton\/index.php?rest_route=\/wp\/v2\/pages\/5918","targetHints":{"allow":["GET"]}}],"collection":[{"href":"https:\/\/teuthorn.net\/feuilleton\/index.php?rest_route=\/wp\/v2\/pages"}],"about":[{"href":"https:\/\/teuthorn.net\/feuilleton\/index.php?rest_route=\/wp\/v2\/types\/page"}],"author":[{"embeddable":true,"href":"https:\/\/teuthorn.net\/feuilleton\/index.php?rest_route=\/wp\/v2\/users\/1"}],"replies":[{"embeddable":true,"href":"https:\/\/teuthorn.net\/feuilleton\/index.php?rest_route=%2Fwp%2Fv2%2Fcomments&post=5918"}],"version-history":[{"count":6,"href":"https:\/\/teuthorn.net\/feuilleton\/index.php?rest_route=\/wp\/v2\/pages\/5918\/revisions"}],"predecessor-version":[{"id":10949,"href":"https:\/\/teuthorn.net\/feuilleton\/index.php?rest_route=\/wp\/v2\/pages\/5918\/revisions\/10949"}],"up":[{"embeddable":true,"href":"https:\/\/teuthorn.net\/feuilleton\/index.php?rest_route=\/wp\/v2\/pages\/4790"}],"wp:attachment":[{"href":"https:\/\/teuthorn.net\/feuilleton\/index.php?rest_route=%2Fwp%2Fv2%2Fmedia&parent=5918"}],"curies":[{"name":"wp","href":"https:\/\/api.w.org\/{rel}","templated":true}]}}