{"id":8664,"date":"2020-02-20T11:07:32","date_gmt":"2020-02-20T11:07:32","guid":{"rendered":"http:\/\/teuthorn.net\/feuilleton\/?page_id=8664"},"modified":"2020-02-21T22:53:52","modified_gmt":"2020-02-21T22:53:52","slug":"kirchliche-archive","status":"publish","type":"page","link":"https:\/\/teuthorn.net\/feuilleton\/?page_id=8664","title":{"rendered":"Kirchliche Archive"},"content":{"rendered":"\n<h2 class=\"wp-block-heading\">Empfehlung<\/h2>\n\n\n\n<p class=\"wp-block-paragraph\">Bei der Suche nach Kirchenb\u00fcchern\/Kirchenarchiven kann folgendes Vorgehen empfohlen werden:<\/p>\n\n\n\n<ol class=\"wp-block-list\"><li>Bei Archion \u00fcber die <a href=\"https:\/\/www.archion.de\/de\/browse\/?no_cache=1#https:\/\/www.archion.de\/de\/browse\/?no_cache=1&amp;path=785484\" target=\"_blank\" rel=\"noopener\">Browse-Funktion pr\u00fcfen<\/a>, ob Digitalisate vorhanden oder zur Einstellung geplant sind. <br \/><\/li><li>Archionbest\u00e4nde werden langsam aber st\u00e4ndig erweitert. <br \/>Archion informiert dar\u00fcber unter <a href=\"https:\/\/www.archion.de\/de\/news\/\" target=\"_blank\" rel=\"noopener\">News<\/a>. Wer auf dem Laufenden bleiben will, registriert sich kostenlos &#8211; das tut nicht weh &#8211; und abonniert den <a href=\"https:\/\/www.archion.de\/de\/news\/\" target=\"_blank\" rel=\"noopener\">Newsletter<\/a>.<br \/><\/li><li>Auch wenn Sie noch kein Digitalisat gefunden haben, f\u00fchrt Archion Sie <a href=\"https:\/\/www.archion.de\/de\/archive-in-archion\/thueringen\/landeskirchenarchiv-eisenach\/\" target=\"_blank\" rel=\"noopener\">direkt in Ihr Archiv<\/a>.<\/li><li>Ein anderer Weg zu Archivadressen f\u00fchrt \u00fcber das <a href=\"https:\/\/www.archivportal-d.de\" target=\"_blank\" rel=\"noopener\">Archivportal Deutschland<\/a><\/li><\/ol>\n\n\n\n<h2 class=\"wp-block-heading\">Einzelne Direkt-Infos<\/h2>\n\n\n\n<p class=\"wp-block-paragraph\"><a href=\"http:\/\/teuthorn.net\/feuilleton\/?p=8657\" target=\"_blank\" rel=\"noopener\">Aktuelles aus der Evangelischen Kirche Mitteldeutschlands (EKM)<\/a><\/p>\n\n\n\n<p class=\"wp-block-paragraph\"><a href=\"http:\/\/teuthorn.net\/feuilleton\/?p=8657\" target=\"_blank\"><\/a><\/p>\n\n\n\n<p class=\"wp-block-paragraph\"><a href=\"http:\/\/teuthorn.net\/feuilleton\/?p=8657\" target=\"_blank\"><\/a><\/p>\n\n\n\n<h2 class=\"wp-block-heading\">Und was wissen Sie?<\/h2>\n\n\n\n<p class=\"wp-block-paragraph\">Sch\u00f6n, dass Sie hierher gefunden haben. Vielleicht m\u00f6chten Sie ihr Wissen mit unserer Forschergemeinschaft teilen. Dann nehmen Sie mit uns Kontakt auf. <br \/><br \/>Peter Teuthorn mit AMF<\/p>\n","protected":false},"excerpt":{"rendered":"<p>Empfehlung Bei der Suche nach Kirchenb\u00fcchern\/Kirchenarchiven kann folgendes Vorgehen empfohlen werden: Bei Archion \u00fcber die Browse-Funktion pr\u00fcfen, ob Digitalisate vorhanden oder zur Einstellung geplant sind. Archionbest\u00e4nde werden langsam aber st\u00e4ndig <a class=\"more-link\" href=\"https:\/\/teuthorn.net\/feuilleton\/?page_id=8664\">Lesen Sie weiter &#8230;<\/a><\/p>\n","protected":false},"author":1,"featured_media":0,"parent":8623,"menu_order":0,"comment_status":"closed","ping_status":"closed","template":"","meta":{"_crdt_document":"","footnotes":""},"class_list":["post-8664","page","type-page","status-publish","hentry"],"_links":{"self":[{"href":"https:\/\/teuthorn.net\/feuilleton\/index.php?rest_route=\/wp\/v2\/pages\/8664","targetHints":{"allow":["GET"]}}],"collection":[{"href":"https:\/\/teuthorn.net\/feuilleton\/index.php?rest_route=\/wp\/v2\/pages"}],"about":[{"href":"https:\/\/teuthorn.net\/feuilleton\/index.php?rest_route=\/wp\/v2\/types\/page"}],"author":[{"embeddable":true,"href":"https:\/\/teuthorn.net\/feuilleton\/index.php?rest_route=\/wp\/v2\/users\/1"}],"replies":[{"embeddable":true,"href":"https:\/\/teuthorn.net\/feuilleton\/index.php?rest_route=%2Fwp%2Fv2%2Fcomments&post=8664"}],"version-history":[{"count":10,"href":"https:\/\/teuthorn.net\/feuilleton\/index.php?rest_route=\/wp\/v2\/pages\/8664\/revisions"}],"predecessor-version":[{"id":8694,"href":"https:\/\/teuthorn.net\/feuilleton\/index.php?rest_route=\/wp\/v2\/pages\/8664\/revisions\/8694"}],"up":[{"embeddable":true,"href":"https:\/\/teuthorn.net\/feuilleton\/index.php?rest_route=\/wp\/v2\/pages\/8623"}],"wp:attachment":[{"href":"https:\/\/teuthorn.net\/feuilleton\/index.php?rest_route=%2Fwp%2Fv2%2Fmedia&parent=8664"}],"curies":[{"name":"wp","href":"https:\/\/api.w.org\/{rel}","templated":true}]}}